2 + 20?
10072
In base 8, what is 2364 + 742?
3326
In base 9, what is -33 - 11637?
-11671
In base 3, what is -20220 - 200000002?
-200020222
In base 10, what is 3162 - -83?
3245
In base 5, what is -101111322 - -1?
-101111321
In base 11, what is 248 + 1a?
267
In base 16, what is 2 - 77c7f?
-77c7d
In base 14, what is d3 + 821?
914
In base 2, what is -1011101011000001 + 11?
-1011101010111110
In base 4, what is 103231 - -1011?
110302
In base 2, what is -10001 + 111101100011?
111101010010
In base 13, what is -6 - 3187?
-3190
In base 16, what is 0 + cb2e?
cb2e
In base 13, what is -184b0 + 0?
-184b0
In base 5, what is 4 + 330410?
330414
In base 16, what is -21b3 + -c?
-21bf
In base 9, what is -7138 - 7?
-7146
In base 9, what is 158 - 1041?
-772
In base 13, what is 2 + -c945?
-c943
In base 7, what is -4 - 526143?
-526150
In base 15, what is 6 - 2b99d?
-2b997
In base 10, what is -46 - -45386?
45340
In base 15, what is 1c8 - -197?
370
In base 3, what is 2212121100 + 11?
2212121111
In base 8, what is -3226 + 7?
-3217
In base 5, what is 4014000 + -302?
4013143
In base 13, what is -6 - 110a?
-1113
In base 15, what is 2 - 3653a?
-36538
In base 8, what is 123 - 3575?
-3452
In base 13, what is 5 - -6734?
6739
In base 10, what is 5 - -105905?
105910
In base 16, what is 36 - 13d?
-107
In base 4, what is -3 + -2310110002?
-2310110011
In base 9, what is 5020 + 13?
5033
In base 10, what is 32686 - -5?
32691
In base 11, what is 1aa4 + 996?
298a
In base 7, what is -1300 + -33115?
-34415
In base 12, what is -3 - 5720?
-5723
In base 13, what is 4b + -16bb9?
-16b6b
In base 2, what is -1 + 10110100110101?
10110100110100
In base 7, what is -2311 + 466?
-1512
In base 13, what is 6728 - 5?
6723
In base 8, what is 553 + -337?
214
In base 16, what is 24 - 348?
-324
In base 6, what is 2 - -353055?
353101
In base 12, what is 22 + 5749?
576b
In base 5, what is -3223001 - -24?
-3222422
In base 9, what is -2 + 8575?
8573
In base 16, what is -4 - -127f5?
127f1
In base 12, what is -2 - -6b0?
6aa
In base 7, what is -5 + 115643?
115635
In base 14, what is 8c83 - -5?
8c88
In base 3, what is -10202221 + 2212?
-10200002
In base 10, what is -2 - -41095?
41093
In base 8, what is 2 - 27436?
-27434
In base 9, what is -203762 - 2?
-203764
In base 5, what is 12414241 - 2?
12414234
In base 2, what is -11011100000100110110 - 11?
-11011100000100111001
In base 6, what is -205 - 1512?
-2121
In base 12, what is -8016 - 4?
-801a
In base 15, what is -3 - 19c25?
-19c28
In base 7, what is 2 + 52001?
52003
In base 5, what is -114142 + 14?
-114123
In base 5, what is -31 - -1102140?
1102104
In base 5, what is -10 - 1320332?
-1320342
In base 15, what is 692 - -90?
732
In base 4, what is -11033013311 + 11?
-11033013300
In base 16, what is 14 - -ffe?
1012
In base 8, what is 540340 - -5?
540345
In base 14, what is 14815 + 25?
1483a
In base 4, what is 1 - -1121232?
1121233
In base 11, what is -37 - 163?
-19a
In base 11, what is -18 + -2006?
-2023
In base 3, what is 10220 - -21211010?
21222000
In base 6, what is 221313 - -20?
221333
In base 10, what is -41 + 2140?
2099
In base 13, what is a - -10681?
1068b
In base 7, what is 310116 + 4?
310123
In base 15, what is d5616 - -1?
d5617
In base 8, what is 756 - -31?
1007
In base 6, what is -3 + 11152505?
11152502
In base 13, what is 14 + -23857?
-23843
In base 15, what is 398 - 30?
368
In base 15, what is 1 + -4b2e?
-4b2d
In base 16, what is -1f9660 + -4?
-1f9664
In base 7, what is -111443 - 155?
-111631
In base 16, what is 21e8 + -15?
21d3
In base 14, what is -13894 + -4?
-13898
In base 2, what is 10101111001 - 1101?
10101101100
In base 14, what is -1a155a - 5?
-1a1561
In base 13, what is -4327 - -8?
-431c
In base 16, what is 10 - -41c5?
41d5
In base 15, what is 3 + 6c384?
6c387
In base 12, what is -6bb - 39?
-738
In base 11, what is -89 + -26?
-104
In base 6, what is -11203010 - -4?
-11203002
In base 16, what is 15 + -faf0?
-fadb
In base 5, what is -4 + -2110?
-2114
In base 5, what is -13344042 - -3?
-13344034
In base 2, what is -1 + 1000110100101011010?
1000110100101011001
In base 14, what is d - -857?
866
In base 6, what is -131 - 150?
-321
In base 7, what is -1 - 1502014?
-1502015
In base 15, what is d + -7d2?
-7c4
In base 9, what is -7646 + 875?
-6661
In base 8, what is 3 - -2520040?
2520043
In base 11, what is 78664 - 2?
78662
In base 12, what is a - -a635?
a643
In base 6, what is -1041051 + 135?
-1040512
In base 16, what is -14fb92 + 2?
-14fb90
In base 13, what is 176 + -104?
72
In base 2, what is 100100011111 + 110000?
100101001111
In base 9, what is 27 - -13327?
13355
In base 11, what is 140 - 418?
-288
In base 10, what is 366 + 142?
508
In base 2, what is -10110001111110001 + 100?
-10110001111101101
In base 10, what is 221 + 2360?
2581
In base 14, what is 2 + 153c1?
153c3
In base 11, what is 4658 + -47?
4611
In base 12, what is 15 - 55?
-40
In base 8, what is 1507 + -144?
1343
In base 13, what is 1c2 - -461?
653
In base 6, what is -51151 + 0?
-51151
In base 16, what is a + ad7?
ae1
In base 6, what is -3230 + -121?
-3351
In base 3, what is -2 - -1021000220200?
1021000220121
In base 6, what is 332 - -134352?
135124
In base 15, what is -b - -1761?
1755
In base 10, what is -195131 - -7?
-195124
In base 4, what is 11 + -2130310?
-2130233
In base 14, what is -2 - 2a06b?
-2a06d
In base 6, what is 40 + 1200520?
1201000
In base 3, what is 11220000 + -20?
11212210
In base 9, what is -3425 - -461?
-2854
In base 16, what is -15 - 1dfec?
-1e001
In base 9, what is 34116 + 4?
34121
In base 10, what is -6 + -98289?
-98295
In base 2, what is -10011111101000 - 111101?
-10100000100101
In base 15, what is -297d + -cd?
-2a5b
In base 14, what is -6 + -68a?
-692
In base 14, what is -27 + -14a4?
-14cb
In base 15, what is -4 + -2a9a?
-2a9e
In base 15, what is -205705 + 3?
-205702
In base 3, what is 1022211020 - 2212?
1022201101
In base 11, what is -16730a - -3?
-167307
In base 2, what is -1100110010011 - -1010?
-1100110001001
In base 13, what is -53883 + -1?
-53884
In base 2, what is -1110111010101 + -10011?
-1110111101000
In base 7, what is 3650 + -43?
3604
In base 3, what is -211110 + 2101202?
1120022
In base 15, what is -609 + -17?
-621
In base 5, what is -10241013 - -22?
-10240441
In base 6, what is 251 + 113331?
114022
In base 3, what is -11 - 12020111?
-12020122
In base 11, what is -18 + -285?
-2a2
In base 13, what is -10 + 191?
181
In base 7, what is -2 - -125611?
125606
In base 4, what is -23321 - -20010?
-3311
In base 5, what is 1 + 21221343?
21221344
In base 8, what is 3472 - -12?
3504
In base 6, what is 55 - 3334?
-3235
In base 2, what is 10011101001 - 10100000000?
-10111
In base 5, what is -11400400 + 11?
-11400334
In base 16, what is 2d6 + 673?
949
In base 16, what is a7 + -1f9?
-152
In base 12, what is -69b0a + -4?
-69b12
In base 14, what is -195bb + -25?
-19602
In base 13, what is -45135 - 3?
-45138
In base 13, what is -17513 - 5?
-17518
In base 5, what is -1110340 - -3?
-1110332
In base 7, what is 1165 - 622?
243
In base 13, what is b + -2c41?
-2c33
In base 12, what is 3 - -a8653?
a8656
In base 5, what is -1121003 - -2?
-1121001
In base 10, what is 3047 - -98?
3145
In base 6, what is 3 - 312414?
-312411
In base 6, what is 5 + -445240?
-445231
In base 3, what is 2111120010 - -1?
2111120011
In base 16, what is c39 - -12?
c4b
In base 4, what is 1212130220 + -11?
1212130203
In base 11, what is -220956 - -1?
-220955
In base 10, what is 262 + 158?
420
In base 16, what is 253c9 - -16?
253df
In base 3, what is 1000201210010 + -12?
1000201202221
In base 10, what is 3 + -41285?
-41282
In base 6, what is -210021144 - 1?
-210021145
In base 7, what is 5 - 204126?
-204121
In base 14, what is 2ac3 + -1ac?
2915
In base 15, what is -c + 467c?
4670
In base 6, what is 1014401 - -10?
1014411
In base 3, what is -10012 + -11220020?
-12000102
In base 11, what is 2208 + -788?
1530
In base 6, what is 145 + -12541?
-12352
In base 11, what is 19 - a8030?
-a8012
In base 9, what is -2 - 11117?
-11120
In base 7, what is -3203 - 13?
-3216
In base 6, what is 1130 - 132?
554
In base 2, what is 10001 + -110001001010000100?
-110001001001110011
In base 15, what is -2de + 36?
-2a8
In base 12, what is 6 - -b03a?
b044
In base 8, what is -2 + -11534?
-11536
In base 10, what is -417 + 767?
350
In base 